 number?
False
Is 36504362459 a composite number?
False
Is 15722036843 a composite number?
False
Is 5023972477 a composite number?
True
Is 430394245 a composite number?
True
Is 205635007 prime?
True
Is 5441841381 a prime number?
False
Is 5227152533 prime?
True
Is 1545829003 prime?
False
Is 651083947 composite?
True
Is 5543077279 a composite number?
True
Is 12398910061 prime?
True
Is 76522353007 prime?
True
Is 5910931387 a composite number?
False
Is 21934739269 a composite number?
False
Is 1379581910353 prime?
True
Is 46840698763 a composite number?
True
Is 16569878639 a prime number?
True
Is 62387435399 prime?
False
Is 2394375967 prime?
True
Is 802873151 prime?
True
Is 4834531099 a prime number?
False
Is 1227189473 prime?
True
Is 662592551 composite?
True
Is 37471271 a prime number?
True
Is 4923783049 a prime number?
False
Is 297962655059 a composite number?
False
Is 2495731687 a prime number?
True
Is 214087545337 a composite number?
False
Is 5586792901 prime?
False
Is 12365874791 a prime number?
False
Is 66735570637 composite?
True
Is 2899777459 composite?
True
Is 57162063109 a prime number?
False
Is 2259512897 composite?
False
Is 12729993181 a prime number?
False
Is 22159381201 a prime number?
False
Is 204178820033 a prime number?
False
Is 458369543 composite?
True
Is 358834571 prime?
True
Is 431497369 a composite number?
False
Is 4241453093 prime?
True
Is 558247451 a prime number?
True
Is 6960265561 prime?
False
Is 3137072219 a prime number?
True
Is 149968936049 prime?
False
Is 169527723767 prime?
True
Is 30754693 composite?
True
Is 306360311 a prime number?
True
Is 7901521477 composite?
True
Is 705809285 a composite number?
True
Is 4955916289 prime?
False
Is 4742433895 composite?
True
Is 39909703 composite?
False
Is 2281628759 a prime number?
True
Is 527890999 a composite number?
False
Is 107919269 a composite number?
True
Is 7915427281 prime?
False
Is 48168668039 a prime number?
True
Is 354192581 a composite number?
True
Is 326877667 prime?
True
Is 1221870323 composite?
True
Is 39866433443 a composite number?
False
Is 101858219733 a composite number?
True
Is 9450356711 a composite number?
False
Is 14943268829 a prime number?
False
Is 14186362367 a composite number?
True
Is 702117349 a composite number?
True
Is 7311448061 prime?
False
Is 23170412261 a prime number?
True
Is 87994267 composite?
True
Is 51059982989 a composite number?
False
Is 717401471 prime?
True
Is 167839927 a composite number?
False
Is 12153510097 composite?
False
Is 699274091 a composite number?
True
Is 92945399 a composite number?
False
Is 316275607 prime?
True
Is 247458829 composite?
True
Is 23783208461 a prime number?
True
Is 1930858169 composite?
False
Is 8567558243 prime?
True
Is 464131951 a composite number?
False
Is 20859942353 composite?
True
Is 325075189 prime?
True
Is 54538241969 composite?
True
Is 171550646791 a prime number?
False
Is 9245958697 a composite number?
True
Is 47275781065 a prime number?
False
Is 980661679 prime?
True
Is 50527588793 a composite number?
True
Is 1992050719 a composite number?
False
Is 116811811 a composite number?
True
Is 173331349 a composite number?
False
Is 13664657803 a prime number?
False
Is 772403101 prime?
True
Is 1393445323 a composite number?
True
Is 33044584189 composite?
True
Is 11550774953 a composite number?
False
Is 19823177219 prime?
True
Is 70730732441 prime?
True
Is 10047085129 a composite number?
False
Is 137872521641 a composite number?
True
Is 234580387 composite?
True
Is 1988296217 composite?
True
Is 381648934951 a composite number?
False
Is 4380564707 composite?
False
Is 1265794373 a prime number?
True
Is 186654779 prime?
True
Is 3608875813 prime?
True
Is 25863984299 composite?
True
Is 10528539157 a composite number?
False
Is 1058984741 a composite number?
True
Is 27070849261 a composite number?
True
Is 6913295878 prime?
False
Is 54596938933 a prime number?
False
Is 1087317689 prime?
True
Is 3886769723 a composite number?
False
Is 2753788591 a prime number?
False
Is 50981826949 composite?
True
Is 1672782061 a composite number?
True
Is 1348806989 a composite number?
False
Is 3109431527 composite?
False
Is 66461987 a prime number?
False
Is 102400951067 a prime number?
False
Is 299776259 composite?
True
Is 462059287 a prime number?
True
Is 815552567 composite?
False
Is 270070183 composite?
False
Is 513222517 a composite number?
True
Is 833937127 a prime number?
True
Is 4190241863 a composite number?
True
Is 2781175207 composite?
False
Is 228252071 a prime number?
True
Is 1849709663 a prime number?
True
Is 62447299171 prime?
True
Is 6394005523 composite?
True
Is 14812760233 composite?
False
Is 51305502089 a composite number?
False
Is 371444681 a composite number?
False
Is 5073159643 a prime number?
True
Is 33229975307 prime?
True
Is 11207066813 a prime number?
False
Is 60043697 a prime number?
False
Is 38489923169 composite?
False
Is 20265121 a composite number?
False
Is 199375127 composite?
True
Is 28070193505 prime?
False
Is 15530061037 a prime number?
True
Is 813898751 prime?
False
Is 15223701 prime?
False
Is 25412639 composite?
True
Is 60019986613 prime?
True
Is 31734799961 a prime number?
True
Is 168667173263 a composite number?
False
Is 4435228849 composite?
False
Is 22549181521 a prime number?
False
Is 23854985117 a composite number?
True
Is 6442367 a prime number?
True
Is 32821506101 a prime number?
False
Is 19810755331 composite?
False
Is 82975811 a composite number?
False
Is 2529450851 a composite number?
False
Is 1355091427 prime?
False
Is 270388377491 composite?
True
Is 1468509499 composite?
False
Is 2783697157 composite?
False
Is 35506963039 composite?
False
Is 1484175827 a prime number?
False
Is 200229637 prime?
True
Is 50598843317 a composite number?
True
Is 23630762663 a composite number?
True
Is 618291673 a composite number?
True
Is 1010060171 a prime number?
True
Is 25162390987 a prime number?
False
Is 43855125427 a prime number?
True
Is 16162853123 a composite number?
False
Is 950921539 a composite number?
False
Is 219896923 composite?
True
Is 699416701 composite?
False
Is 24223457411 composite?
False
Is 2486633609 a composite number?
False
Is 5491305509 prime?
False
Is 27679780789 composite?
True
Is 35036335933 composite?
True
Is 4274181151 a composite number?
False
Is 40917599869 composite?
False
Is 5039597741 a composite number?
True
Is 736979401 a prime number?
True
Is 421846589 a composite number?
False
Is 460889327 composite?
True
Is 9571924297 composite?
True
Is 2949302423 a composite number?
False
Is 1041098081 a composite number?
True
Is 31207562713 prime?
True
Is 8705855965 prime?
False
Is 4822093597 a composite number?
False
Is 175838833 a composite number?
False
Is 11457388841 a composite number?
False
Is 300539249 prime?
True
Is 1636064126 composite?
True
Is 3519966079 a composite number?
True
Is 31282846313 prime?
False
Is 426384391 prime?
True
Is 5584185779 a composite number?
True
Is 111745015 prime?
False
Is 70036012649 prime?
True
Is 5519942749 composite?
False
Is 4435147973 a composite number?
True
Is 160419911 prime?
True
Is 33417362243 composite?
False
Is 3165560423 prime?
True
Is 1737787027 composite?
False
Is 935263841 composite?
True
Is 165464471 composite?
True
Is 41854900691 a composite number?
False
Is 12530251 a composite number?
False
Is 20603914483 a prime number?
True
Is 4158498737 prime?
False
Is 1158588341 a composite number?
False
Is 647910383 prime?
True
Is 206491261 a composite number?
False
Is 7724985017 composite?
True
Is 301015357 prime?
True
Is 4104601927 a prime number?
True
Is 4413654767 prime?
False
Is 1048174363 a prime number?
True
Is 118217560613 prime?
True
Is 6420292093 prime?
True
Is 1561303889 a prime number?
False
Is 864584867 a composite number?
True
Is 37887483083 prime?
False
Is 5946372223 prime?
False
Is 322733921 a prime number?
False
Is 4620268319 composite?
False
Is 344010679 a composite number?
True
Is 1278900827 composite?
False
Is 3449202541 a prime number?
True
Is 98108399 composite?
True
Is 16792891469 a prime number?
True
Is 704197561 a prime number?
True
Is 16311882341 a composite number?
True
Is 1032127561 prime?
False
Is 144607127 a prime number?
False
Is 4959821293 a composite number?
True
Is 4432176193 prime?
False
Is 52838